 264281 a composite number?
True
Is 221939299 a composite number?
True
Is 1204843 a prime number?
False
Is 2344409 prime?
True
Is 10989913 composite?
True
Is 1483711 prime?
True
Is 63512571 prime?
False
Is 29490143 prime?
True
Is 8381777 composite?
False
Is 7788751 composite?
True
Is 305895187 a composite number?
True
Is 56952803 a composite number?
False
Is 77858129 prime?
True
Is 151270169 a composite number?
True
Is 33521687 composite?
True
Is 202279711 a prime number?
False
Is 128815595 a composite number?
True
Is 12631803 a prime number?
False
Is 3997751 a prime number?
True
Is 18836899 prime?
True
Is 57627709 prime?
True
Is 50736417 composite?
True
Is 30774441 a composite number?
True
Is 74987977 a prime number?
False
Is 6213367 a prime number?
True
Is 769859 a composite number?
True
Is 254169827 a composite number?
True
Is 5932447 a composite number?
False
Is 46666039 a composite number?
True
Is 1455624149 a composite number?
True
Is 1003841 composite?
False
Is 1375141 a composite number?
False
Is 115596913 composite?
False
Is 499219 a composite number?
True
Is 259184857 prime?
False
Is 52133 a prime number?
False
Is 760451 composite?
True
Is 79455917 a composite number?
False
Is 25779113 a composite number?
True
Is 840731 a composite number?
True
Is 20097139 prime?
False
Is 6809063 composite?
False
Is 1858238923 a composite number?
True
Is 6578927 a composite number?
False
Is 6544393 prime?
True
Is 73994233 a composite number?
False
Is 498149 a composite number?
True
Is 67075067 a prime number?
True
Is 78470333 a prime number?
False
Is 6417911 composite?
False
Is 11226029 a prime number?
True
Is 17264279 a composite number?
False
Is 2297587 composite?
False
Is 2880271 a prime number?
True
Is 134787701 prime?
False
Is 7069039 prime?
False
Is 12190511 a composite number?
False
Is 330202337 prime?
True
Is 217266479 composite?
True
Is 5671961 a composite number?
True
Is 7839509 a prime number?
True
Is 685372291 composite?
False
Is 1601637 composite?
True
Is 4236971 a prime number?
True
Is 3101539 prime?
False
Is 151197103 a composite number?
False
Is 12371599 a composite number?
True
Is 1044005101 a composite number?
False
Is 1443237493 prime?
True
Is 20471321 a prime number?
False
Is 134047 prime?
True
Is 25775999 composite?
False
Is 1309097 a composite number?
True
Is 29212601 prime?
False
Is 148764485 prime?
False
Is 268067 a prime number?
False
Is 141953263 composite?
True
Is 167044693 composite?
True
Is 115202447 prime?
True
Is 60966017 a composite number?
True
Is 244088111 a composite number?
False
Is 13499341 a prime number?
False
Is 271631687 prime?
True
Is 12895481 a prime number?
True
Is 5009117 prime?
True
Is 34586974 a composite number?
True
Is 3454057 prime?
False
Is 5161603 a prime number?
False
Is 63452281 composite?
True
Is 1170007 a composite number?
False
Is 17275639 composite?
False
Is 643160219 a composite number?
True
Is 5811101 a prime number?
True
Is 3307063 composite?
True
Is 154920923 prime?
True
Is 508198499 a prime number?
True
Is 11143765 composite?
True
Is 72405883 prime?
False
Is 3960505 a composite number?
True
Is 75888685 prime?
False
Is 16283269 prime?
True
Is 2821345 a composite number?
True
Is 22385939 a composite number?
False
Is 96850101 a composite number?
True
Is 185491799 a prime number?
True
Is 194299487 a composite number?
False
Is 4662293 prime?
True
Is 3103777 prime?
False
Is 2627381 a composite number?
False
Is 16280749 prime?
True
Is 14267263 prime?
True
Is 55642787 a composite number?
False
Is 89374673 prime?
True
Is 4078442 a composite number?
True
Is 168016253 a prime number?
False
Is 1534103 a prime number?
True
Is 78223961 a prime number?
True
Is 5637407 a composite number?
False
Is 47125847 composite?
False
Is 62852501 a prime number?
True
Is 69344369 a composite number?
False
Is 22970881 a prime number?
True
Is 25927991 prime?
False
Is 37240621 a prime number?
False
Is 32381249 composite?
True
Is 7860193 a prime number?
False
Is 10208399 prime?
True
Is 733803347 prime?
True
Is 49627117 composite?
True
Is 13222967 a prime number?
True
Is 6032723 composite?
False
Is 1190983 composite?
False
Is 245687 a composite number?
True
Is 8905865 prime?
False
Is 2027185 a prime number?
False
Is 266965403 composite?
False
Is 7295131 a composite number?
False
Is 161717 prime?
True
Is 18803881 prime?
False
Is 14586721 a composite number?
True
Is 6193609 a prime number?
True
Is 90399869 composite?
True
Is 16970003 a prime number?
True
Is 464789801 a prime number?
False
Is 6558533 prime?
False
Is 49361621 composite?
False
Is 11401249 a composite number?
False
Is 13792109 a composite number?
True
Is 6298381 composite?
True
Is 126653207 a composite number?
True
Is 9816167 a prime number?
True
Is 44691341 composite?
False
Is 1231589 composite?
False
Is 2840798 composite?
True
Is 138847201 a composite number?
False
Is 117318039 a prime number?
False
Is 37469303 composite?
True
Is 855422 a prime number?
False
Is 1054753691 a prime number?
False
Is 29657813 a prime number?
False
Is 1143482 prime?
False
Is 419081 a prime number?
False
Is 1996441 prime?
False
Is 1129879 prime?
False
Is 2947027 a prime number?
True
Is 116371529 prime?
True
Is 1981337 a composite number?
False
Is 9519689 a composite number?
True
Is 192169129 a composite number?
True
Is 44384317 a composite number?
True
Is 98309 a prime number?
False
Is 19707859 composite?
False
Is 4676051 a prime number?
True
Is 11906159 prime?
True
Is 180371 composite?
False
Is 24100147 prime?
False
Is 114447703 composite?
True
Is 3262063 prime?
False
Is 15398389 a composite number?
True
Is 66908859 prime?
False
Is 122561711 a prime number?
True
Is 573085 composite?
True
Is 3108103 a composite number?
False
Is 4182151 a composite number?
False
Is 137346445 prime?
False
Is 3305171 a composite number?
False
Is 198566591 a prime number?
True
Is 8137651 prime?
True
Is 14779517 composite?
False
Is 824809 a composite number?
True
Is 526807 prime?
False
Is 467329 prime?
True
Is 137493023 a composite number?
False
Is 729437 a composite number?
True
Is 5401411 a composite number?
True
Is 2427163 a composite number?
True
Is 137026031 composite?
True
Is 64375589 prime?
True
Is 1712303 composite?
True
Is 145612283 composite?
False
Is 4672483 composite?
True
Is 24273831 composite?
True
Is 11166307 prime?
False
Is 135781 a composite number?
False
Is 63533791 a composite number?
False
Is 36081557 a composite number?
False
Is 123045101 a composite number?
True
Is 92248917 prime?
False
Is 180231703 a composite number?
True
Is 43146251 composite?
False
Is 121318411 prime?
False
Is 162731 prime?
True
Is 2363443 a prime number?
False
Is 105831857 composite?
False
Is 1156297 a composite number?
False
Is 17790617 a prime number?
False
Is 5622459 a composite number?
True
Is 29963735 a prime number?
False
Is 26207693 a prime number?
False
Is 50457689 prime?
True
Is 4723541 a composite number?
True
Is 36981265 a prime number?
False
Is 11698913 a composite number?
False
Is 233323 prime?
True
Is 7091099 prime?
True
Is 78590599 composite?
True
Is 32779259 composite?
False
Is 96509423 prime?
True
Is 5966403 a composite number?
True
Is 43403209 a prime number?
True
Is 691093331 composite?
True
Is 30574979 a prime number?
True
Is 85014038 composite?
True
Is 9227879 a composite number?
False
Is 11413499 a composite number?
True
Is 2579579 composite?
True
Is 42585523 a prime number?
False
Is 7431371 a composite number?
True
Is 29128559 composite?
False
Is 298030345 a composite number?
True
Is 1886011 composite?
False
Is 14384861 composite?
False
Is 13512611 prime?
False
Is 126049433 prime?
True
Is 2511389 composite?
False
Is 295013 a prime number?
False
Is 7412389 a composite number?
False
Is 549361 a prime number?
False
Is 16108171 a composite number?
False
Is 35135609 a composite number?
True
Is 414703 a prime number?
True
Is 21045071 a composite number?
False
Is 2285057 prime?
True
Is 237055499 a composite number?
True
Is 2168239 a composite number?
False
Is 1084966237 composite?
False
Is 5552291 a prime number?
False
Is 3104347 prime?
True
Is 28870627 a composite number?
False
Is 16105031 composite?
False
Is 4507681 a composite number?
True
Is 2666353 prime?
False
Is 5184479 prime?
True
